divisor of 11286 and 1381806.
54
What is the greatest common divisor of 7009640 and 66230?
1790
Calculate the greatest common factor of 68882 and 67771.
1111
What is the highest common factor of 86 and 32911727?
43
What is the highest common divisor of 51576326 and 58?
58
Calculate the highest common divisor of 304 and 121389632.
304
What is the greatest common divisor of 23058 and 277058340?
3294
Calculate the greatest common divisor of 632 and 17062104.
632
What is the highest common divisor of 16968 and 216552?
168
What is the greatest common divisor of 1162430574 and 2?
2
What is the greatest common factor of 5870962 and 387?
43
Calculate the highest common divisor of 1524336 and 175648.
176
Calculate the greatest common divisor of 1144 and 215893964.
572
Calculate the greatest common factor of 4279797 and 1710.
9
What is the greatest common divisor of 55236140 and 1608?
268
Calculate the greatest common divisor of 2850 and 55062.
114
Calculate the greatest common factor of 2490 and 9179385.
1245
What is the greatest common divisor of 17416741 and 3245?
59
What is the greatest common divisor of 3118986 and 34101?
81
What is the greatest common factor of 33777854 and 300192?
6254
Calculate the greatest common divisor of 4729720 and 2968.
424
Calculate the greatest common divisor of 48926892 and 84.
84
Calculate the highest common factor of 42272 and 113488.
16
Calculate the greatest common factor of 900 and 170199.
9
What is the highest common divisor of 512 and 75215936?
64
Calculate the greatest common divisor of 16 and 3300396.
4
What is the greatest common divisor of 1761177357 and 27?
27
What is the highest common divisor of 909 and 107127?
9
What is the highest common divisor of 59796 and 954?
18
What is the greatest common factor of 8349552 and 3?
3
What is the highest common divisor of 117 and 7107594?
39
What is the greatest common factor of 847 and 59738063?
847
What is the greatest common factor of 61341710 and 1770?
590
What is the highest common factor of 585 and 7746885?
45
What is the highest common divisor of 228278 and 25434?
314
Calculate the greatest common factor of 90831 and 15307695.
5343
What is the highest common factor of 1834 and 9563393?
917
What is the highest common divisor of 52 and 110624579?
13
What is the highest common factor of 354326 and 98?
14
What is the highest common factor of 1824 and 225236640?
1824
Calculate the greatest common divisor of 51814984 and 5969.
127
Calculate the highest common factor of 2509 and 111007.
13
Calculate the greatest common divisor of 6359894 and 44096.
106
What is the highest common divisor of 2784 and 17492336?
464
What is the greatest common divisor of 28 and 368332083?
7
Calculate the highest common factor of 42336 and 34032264.
1176
What is the highest common divisor of 9650451 and 222?
111
Calculate the highest common factor of 782016 and 222.
6
What is the greatest common factor of 15 and 41092890?
15
Calculate the highest common factor of 9642853 and 484.
121
What is the highest common divisor of 165 and 5162985?
15
Calculate the greatest common factor of 1625 and 7979875.
125
Calculate the greatest common factor of 1520200 and 1430.
110
Calculate the greatest common factor of 48 and 12431820.
12
Calculate the greatest common factor of 702 and 310028823.
351
What is the greatest common divisor of 530 and 9350330?
10
Calculate the greatest common divisor of 4545431 and 90277.
319
Calculate the greatest common factor of 20275 and 1622.
811
What is the greatest common divisor of 44976644 and 7316?
236
Calculate the greatest common divisor of 4326 and 865417.
7
What is the greatest common divisor of 317906 and 36455?
23
Calculate the highest common divisor of 37324 and 452.
4
Calculate the highest common divisor of 354 and 41976789.
177
What is the greatest common factor of 13032420 and 60?
60
Calculate the highest common factor of 584 and 52127.
1
Calculate the greatest common divisor of 1153474 and 364624.
3506
Calculate the greatest common divisor of 2662635 and 3335.
145
What is the greatest common factor of 6384961 and 207?
23
Calculate the greatest common factor of 6470488 and 152.
152
Calculate the greatest common factor of 9992712 and 138768.
1416
What is the greatest common factor of 916723 and 68923?
157
What is the highest common divisor of 18 and 292670?
2
Calculate the greatest common divisor of 51856288 and 6512.
176
What is the greatest common divisor of 9911560 and 2440?
40
Calculate the greatest common divisor of 2 and 141297334.
2
Calculate the highest common divisor of 164442175 and 121465.
7145
What is the highest common factor of 6197 and 357684643?
6197
Calculate the highest common factor of 9214704 and 6.
6
Calculate the greatest common factor of 465129 and 213969.
483
What is the highest common divisor of 360070 and 310?
10
What is the greatest common factor of 145425 and 207627?
21
Calculate the greatest common factor of 52941079 and 71.
71
Calculate the greatest common divisor of 3770 and 5265182.
754
Calculate the highest common divisor of 118382 and 550.
22
What is the highest common factor of 7916219 and 749902?
5281
Calculate the greatest common divisor of 5766405 and 75.
15
Calculate the greatest common factor of 4610023 and 2409.
803
What is the greatest common divisor of 778906 and 55862?
1054
What is the highest common divisor of 31828 and 4666744?
292
Calculate the highest common factor of 2460 and 2487265.
205
What is the greatest common factor of 28435 and 45265?
55
What is the highest common divisor of 2316 and 1153396371?
579
Calculate the greatest common factor of 37727 and 5280563.
1217
Calculate the greatest common factor of 66385 and 7167795.
85
What is the highest common factor of 166837000 and 40?
40
What is the greatest common divisor of 8919500 and 7375?
125
What is the highest common divisor of 42397518 and 16213?
523
What is the highest common factor of 21274230 and 90?
30
Calculate the highest common divisor of 161 and 58880.
23
What is the greatest common divisor of 4088538 and 236794?
394
Calculate the greatest common factor of 83 and 21787583.
83
Calculate the greatest common divisor of 16437630 and 420.
30
What is the greatest common factor of 7625 and 406046500?
7625
What is the greatest common factor of 44694 and 19260631?
2483
Calculate the greatest common divisor of 5492425 and 2325.
775
Calculate the highest common divisor of 1193500 and 7859500.
5500
What is the greatest common divisor of 238 and 277790387?
119
Calculate the highest common factor of 6415750 and 191306.
4666
What is the greatest common factor of 224 and 3762248?
56
Calculate the greatest common divisor of 1168 and 89088.
16
What is the highest common divisor of 56 and 1959008?
8
Calculate the highest common factor of 674 and 3034685.
337
What is the greatest common divisor of 671055 and 10780?
2695
What is the highest common factor of 2097201 and 38?
19
Calculate the highest common factor of 83923608 and 36.
12
What is the highest common divisor of 5845169 and 9228?
769
Calculate the highest common divisor of 9258789 and 33582.
579
Calculate the highest common factor of 1217368 and 3192.
152
What is the greatest common divisor of 65382 and 5406?
102
Calculate the highest common divisor of 97913999 and 34.
17
What is the highest common divisor of 120 and 4385700?
60
What is the greatest common factor of 408384 and 1137236?
2836
Calculate the greatest common divisor of 9237912 and 24.
24
What is the highest common divisor of 4925 and 13528187?
197
Calculate the greatest common divisor of 125606 and 15132.
26
What is the highest common factor of 510 and 37477554?
102
What is the greatest common factor of 545974 and 450846?
506
What is the greatest common divisor of 18988720 and 496?
16
Calculate the greatest common divisor of 2710 and 3681806.
542
Calculate the greatest common divisor of 221623798 and 1870.
374
Calculate the greatest common factor of 1086 and 5758.
2
What is the highest common factor of 192 and 2907336?
24
Calculate the highest common divisor of 11239805 and 2465.
85
Calculate the highest common divisor of 43722204 and 84.
12
What is the greatest common divisor of 91 and 55468231?
91
What is the highest common factor of 4631 a